60)/(-50)*f*j?
1
Suppose 2*z = -5*u + z + 233, 149 = 3*u - 4*z. Let c be ((-198)/(-21))/(2/14). Let p = c - u. What is the units digit of p?
9
Suppose 4*n = 6*n - 10. Suppose 10 = 5*u + n. What is the units digit of u?
1
Suppose 494 = -0*x + x + m, 2*m = -4*x + 1976. Suppose 452 = 4*i - 2*w, -149 = 3*i - 3*w - x. What is the tens digit of i?
1
What is the thousands digit of (15 + 0 - 9) + 1630?
1
Suppose -2*r - 2*h + 20 = 3*r, 3*r - 3*h = 12. Let b be (30/r)/((-2)/4). Let q = b + 22. What is the units digit of q?
7
Suppose 20 = 4*s, t = 6*t + 2*s - 35. Let i(g) = 10*g - 8. What is the units digit of i(t)?
2
Let f = -15 - 5. Let o be 1/(-2) + (-1130)/f. Suppose 0 = -2*z - 2*z + 3*b + 122, 2*z = 4*b + o. What is the tens digit of z?
3
Let i be (-110)/8 - (-2)/(-8). What is the units digit of ((-178)/(-3))/(i/(-21))?
9
Let h(x) = -33*x + 7. Let l(a) = 1. Let g(q) = 2*h(q) - 18*l(q). What is the units digit of g(-1)?
2
Let f(u) = 12 - 9*u - 4*u + 2*u - u**3 - u + 12*u**2. Let p be f(11). Let x(r) = 18*r**3 - r**2. What is the tens digit of x(p)?
1
Let i(d) = -12*d + 10. Let c(o) = o. Let t(z) = -3*c(z) - i(z). Suppose 5*n - 10 = 3*p, 4*p - 27 - 3 = -2*n. What is the units digit of t(n)?
5
Let o(g) = 73*g**2 + 4*g - 1. Let w(i) = -2*i - 13. Let x be w(-7). What is the tens digit of o(x)?
7
Let p = 10 - 8. Suppose -4*h = -4*q + 236, 5*h + 33 = -p*q + 179. Suppose 2*j + j - q = 0. What is the tens digit of j?
2
Suppose -8 = -3*b + b. Suppose 3*w - b*w = -3. Suppose 6*h = y + w*h - 3, 3*y - 39 = 3*h. What is the units digit of y?
8
Let s(x) = 29*x**2 + 58*x - 8. What is the tens digit of s(-5)?
2
Suppose 3*y - 3*z - 144 = -0, 220 = 5*y + 5*z. Let o = y + 218. What is the hundreds digit of o?
2
Suppose 3*u = -6*z + 2*z - 14, -31 = -3*u + 5*z. Suppose u*n = -r + 4 + 26, 4*r - 114 = -5*n. What is the tens digit of r?
2
Suppose 0 = -f - 3*n + 12*n + 1391, -4265 = -3*f + 4*n. What is the units digit of f?
7
What is the units digit of 7/6*6 + 16?
3
Suppose -2*t = -z + 60, -3*z + 16 + 131 = 5*t. What is the units digit of z?
4
Let u(z) = -2*z**2 - 19*z + 17. Let k be u(-14). Suppose 10*t + 340 = 5*t. Let g = t - k. What is the tens digit of g?
4
Let s = 2742 - 1594. What is the hundreds digit of s?
1
Suppose 3*v - 8*v = -5. Let g be 1*(v - 0)*-4. Let l = 16 + g. What is the units digit of l?
2
Let r(x) = x**2 + 2*x + 36. What is the units digit of r(9)?
5
Suppose -10 = -0*x - 2*x. Let r be -6 - -7 - (-30)/3. Suppose -9 = -x*h + r. What is the units digit of h?
4
Let y(z) = 5*z + 41. Let b be y(-6). Let j(g) = g**3 - 12*g**2 + 16*g - 27. What is the tens digit of j(b)?
2
Let n = -51 - -30. What is the hundreds digit of (1032/9)/((-7)/n)?
3
Let r(a) = -782*a**2 - 161*a. Let j(w) = 29*w**2 + 6*w. Let h(u) = -161*j(u) - 6*r(u). Let s be (5 - (8 + -4))*1. What is the tens digit of h(s)?
2
Suppose 38*y - 43*y + 145 = 0. What is the tens digit of y?
2
Let a = -18 + 25. Let w be (-1)/((a/2)/(-7)). What is the units digit of (-3 + w)*-34 + -3?
1
Let o be (-3)/2*(-72)/27. Suppose r - 133 = -o*p, 16 = 6*p - 2*p. What is the hundreds digit of r?
1
Let n(y) = 4*y + 3*y - 21 - 4*y. What is the tens digit of n(19)?
3
Suppose -2*f + 469 = -95. What is the hundreds digit of f?
2
Let t(r) = -r**3 - 7*r**2 + 2*r + 14. Let p be t(-7). Suppose -3*x - f + 154 - 13 = p, -x + 55 = 3*f. What is the units digit of x?
6
Let l = -629 - -708. What is the tens digit of l?
7
Let y(l) = 74*l**3 + l**2 + 3*l. What is the units digit of y(2)?
2
Let b(x) = 3*x**2 + 2*x - 2. Let o = -16 - -13. Let j be b(o). Let p = j + 4. What is the tens digit of p?
2
Suppose 5*k - 9086 = -4*b + 12832, 0 = 2*k + 3*b - 8763. What is the tens digit of k?
8
Suppose -28*b + 12746 + 30654 = 0. What is the units digit of b?
0
Let g = -370 + 517. What is the tens digit of g?
4
Suppose 14*d - 12 = 11*d. Suppose -g + 19 = k - 50, -k + 291 = d*g. What is the tens digit of g?
7
Let o = -2403 + 4929. What is the tens digit of o?
2
Let s = 26 - 8. Let q be (-42)/s + 2/(-3). Let y(a) = -6*a - 1. What is the units digit of y(q)?
7
Let o(i) = i**3 + 9*i**2 - 2*i - 3. Let c = -7 - 1. What is the tens digit of o(c)?
7
Let q be (1 + 4/(-8))*0. Let h = 56 - 51. Suppose q = 2*o - h*u + 9 - 111, 2*o - 104 = 4*u. What is the units digit of o?
6
Suppose 0 = 6*k - k - 4*p - 2574, -5*k + p = -2586. What is the hundreds digit of k?
5
Let j(w) = -w**3 + 7*w**2 + 10*w - 9. Let u be j(8). Let f(n) = 50*n - 72. What is the hundreds digit of f(u)?
2
What is the units digit of (-666060)/(-595) + (-3)/7?
9
Let s be (-77)/(-28) - (-1)/4. Suppose 0 = 4*p + 2*o - 4*o - 238, s*o - 263 = -4*p. What is the units digit of p?
2
Let j = -1129 - -2160. What is the thousands digit of j?
1
Suppose 58*h = 60*h - 862. Suppose -11*q + 119 = -h. What is the tens digit of q?
5
Let k(d) = -9*d**2 + 745. What is the tens digit of k(0)?
4
Let i(z) = z**2 - 10*z - 17. Suppose -2*h + 6 = 0, -3*t + 3*h - 9 = 6*h. What is the tens digit of i(t)?
7
Let a = 858 + -123. Suppose a = 6*g - 621. What is the units digit of g?
6
Suppose 132 - 861 = -2*d + u, 0 = -d + 4*u + 382. What is the hundreds digit of d?
3
Let u be -2 + 0 + 0 + 7308/6. Suppose -5*d + u - 446 = 0. What is the units digit of d?
4
Let h(q) = -2*q**3 + 4*q**2 - 6*q - 133. Let s(z) = z**3 - 2*z**2 + 3*z + 67. Let o(g) = 4*h(g) + 9*s(g). What is the units digit of o(0)?
1
Let s be (80/(-30))/(2/(-6)). Suppose 4*n - 4 = -4*a + s*a, 4*n - 4 = -3*a. What is the units digit of n?
1
Let h(a) = -a**3 + 17*a**2 - 18*a + 43. What is the units digit of h(12)?
7
Let c = 357 + -238. Let r = c - 59. What is the tens digit of r?
6
Let y(o) = 3*o + 4. Let v be y(-2). What is the tens digit of 31 + ((-16)/2)/v?
3
Suppose -i - 54 = -2*k, 3*i = -2*k - 2*k + 98. Suppose -217 = 4*d - q, -4*d - k = 5*q + 161. Let x = d - -89. What is the units digit of x?
6
Let o(a) = -a + 16. Let p be o(12). Suppose -r + 20 = p*b, 0 = 3*r - b + 3*b - 10. Suppose r = -12*q + 10*q + 8. What is the units digit of q?
4
Let n(t) = t**2 - 2*t + 4. Let b(v) = -7*v + 12. Let g(s) = s - 1. Let r(c) = -b(c) - 6*g(c). Let a be r(12). What is the units digit of n(a)?
8
Suppose a - 5 = -3. Suppose -3*m - a*z = -m - 90, -z = -2. What is the tens digit of m?
4
Let i = 1834 + -231. What is the tens digit of i?
0
Suppose -17 - 3 = -2*h. Let p(q) = -8*q**3 + 0*q**3 + 7*q**3 - 7 + 10*q**2 + 1 + q. What is the units digit of p(h)?
4
Suppose 7 + 3 = 2*y. Let q(g) = -g**3 + 5*g**2 + 2*g - 6. Let u be q(y). Suppose 3*f + 10 = u*f. What is the units digit of f?
0
Let a(b) = 2*b**2 - 18*b + 7. Let h = 48 - 39. What is the units digit of a(h)?
7
Suppose 3*y + j - 23 = 0, -y + 0*y + 5*j - 19 = 0. What is the tens digit of (-16)/10*(-720)/y?
9
Let b be (-464)/(-26) - 10/(-65). Suppose -y - 6 = -b. What is the tens digit of y?
1
Suppose -3*p = -2*v - 7*p + 58, -4*v - 3*p = -111. Let q = v - 25. Suppose -52 = -q*a + 52. What is the tens digit of a?
5
Suppose -5 = r, d - 3*d = 5*r + 13. Suppose -3*h + d = -0*h. What is the tens digit of h + -5 - -4*8?
2
Let w = -57 + 1412. What is the units digit of w?
5
Let z(j) = 5*j**3 - j**2 - j + 1. Let y be z(1). Suppose 3*t - t = y. Suppose 0 = -4*p + 5*g + 110, -t*p - 2*g = 3*p - 121. What is the units digit of p?
5
Let r = 9 - 5. Let o(q) = 3*q**2 + q + 1. Let t be o(-1). Suppose -3*m + 47 = -z, -r*z - 37 = -t*m - 8*z. What is the tens digit of m?
1
Suppose -2*b - 793 + 60 = -3*k, -4*b - 1221 = -5*k. What is the hundreds digit of k?
2
Let i = 630 - 116. What is the hundreds digit of i?
5
What is the thousands digit of (-8860)/(-5) + (4 - -1)?
1
Suppose 2 = -2*d + 8. Let w be 4/(-3 + -1)*d. What is the tens digit of (w/2)/((-6)/220)?
5
Let p = -2014 + 3169. Suppose -5*r + p = 2*r. What is the hundreds digit of r?
1
Let k be 3*5/(-15)*-18. Let s(n) = n - 10. What is the units digit of s(k)?
8
Suppose -7*w + 36 = 421. Let a = w + 120. What is the units digit of a?
5
Let p = 3 + -11. What is the units digit of 12/p*(-106)/3*1?
3
Let p be (2 - -1)*1 - 5. Let z be p/8 - 429/12. Let f = 59 + z. What is the units digit of f?
3
Let d be -1*2/((-2)/19). Let a = d + -35. What is the units digit of ((-52)/(-16))/((-4)/a)?
3
Let s = -1876 + 3385. What is the units digit of s?
9
Let t(x) = 23*x**2 - 45*x + 10. What is the units digit of t